 tens digit of r(w)?
1
Let i(u) = -4*u**2 + 32*u. Let s be i(8). What is the hundreds digit of (-125 - -2)*((-5)/3 + s)?
2
Let g = -66817 + 156713. What is the thousands digit of g?
9
Suppose 4*a - 4*z - 36 = 0, 5*z - 5 = 6*z. Suppose -c - 4*c + 2077 = -a*o, -c - 3*o + 404 = 0. What is the tens digit of c?
1
Suppose -251 = 4*t + 3*c, 4*t + 257 = -c - 0*c. Let a = t - -152. Suppose -4*y = -453 - a. What is the tens digit of y?
3
What is the thousands digit of (921 + -6)*174/30?
5
Suppose -9*m = -8*m - 7. Let i(a) = 2*a**2 + 4*a - 99. What is the tens digit of i(m)?
2
Let b be (-105)/((1 - -5)*(-2)/(-8)). Let o be 26/6*(-2 - (b - 1)). Let i = o - 162. What is the hundreds digit of i?
1
Let u = 243 + -244. What is the hundreds digit of 918*(u + 7)/12?
4
Suppose -3*k - 165 = -6*k. Suppose -4 = -3*j + j. Suppose k + 75 = j*i. What is the tens digit of i?
6
Let m = -80 - -84. Suppose -m*l + 24 = -6*l - 4*n, -4*l + 3*n - 4 = 0. Let t = l + 195. What is the hundreds digit of t?
1
Suppose n + 16*n = 7*n + 313610. What is the hundreds digit of n?
3
Suppose -13*n + 2*n = -330055. Suppose 0 = -2*j + 7*j + n. What is the units digit of j/(-34) - (-2)/4?
7
Suppose 56*p - 51*p - 15 = 0. Suppose -2*o = u - 360, -p*u + 8*u = 4*o + 1828. Suppose -4*j + 3*m + 74 = -213, -2*m = -5*j + u. What is the units digit of j?
4
Suppose 4*s + 13*w = 16*w + 85600, 5*s = -5*w + 107070. What is the hundreds digit of s?
4
What is the hundreds digit of (-36)/16*(-16)/(-12) + 23657?
6
Suppose 27911 = 5*z + 2*d, z + 3*z - 4*d - 22340 = 0. What is the hundreds digit of z?
5
Suppose 0 = -2*r + f + 54870, -9*f = 29*r - 14*f - 795634. What is the ten thousands digit of r?
2
Let j = -48934 + 87026. What is the ten thousands digit of j?
3
Suppose 0 = 4*r + 4*c - 6 - 6, -24 = -4*r - c. Suppose r*x + 11*x - 14742 = 0. What is the tens digit of x?
1
Let l(d) = -2*d. Let v(z) = 24*z**2 + 60*z - 228. Let f(u) = 12*l(u) + v(u). What is the hundreds digit of f(8)?
5
Suppose -20*c = -16*c - 3*g - 6106, 3066 = 2*c + 5*g. What is the units digit of c?
8
Suppose 5*z + 29460 = 5*n, -4*z = -8*z - 20. What is the units digit of n?
7
Suppose 9255*d - 9251*d = 14226 + 204050. What is the thousands digit of d?
4
Let s = 70 + -62. Suppose 0 = 5*z - s - 7. Suppose 264 = 5*k - v, -z*k + 272 = 2*k - 3*v. What is the tens digit of k?
5
Let u(i) = -1. Let h(k) = -2*k**2 + 27*k + 1. Let q(b) = -h(b) + 2*u(b). Suppose 2*r = -r + 60. What is the units digit of q(r)?
7
Let i = -590 + 2558. What is the tens digit of i?
6
Let f(o) = -7 + 0 + 3*o - 5 + 3. Let p be f(5). Suppose 0 = 2*d - p*d + 4*y + 88, 3*y = 5*d - 114. What is the tens digit of d?
2
Suppose p - 4*z - 11 = 7, -4*z + 34 = p. Let a(i) = 2*i**2 + 2*i + 4. Let b be a(6). Let u = b + p. What is the hundreds digit of u?
1
Suppose 3*t = -t - 4, -2*t = 4*k - 3054. Let x = k - 95. What is the hundreds digit of x?
6
Let p(q) = q**2 - q. Let l be p(-1). Suppose -3*x + 27 = 3*t, -4*x - l*t = -5*t - 15. Suppose 5*s - 53 = -2*o, -x*s + s = 15. What is the units digit of o?
4
What is the hundreds digit of ((-4)/14)/(-1) + (-236100)/(-84)?
8
Let f = 20 - 5. Let w be (-3 - 987/f)*1*-5. Suppose 4*j - 1088 = -w. What is the hundreds digit of j?
1
Suppose 2*d - 3*d + 38 = 0. Let m = -14 + d. What is the tens digit of (540/m)/((-6)/(-16))?
6
Let x(a) = 108*a**2 - 2*a - 1. Let l be x(-1). Suppose 0 = -53*z + 171*z - 1298. Suppose 12*b - z*b - l = 0. What is the tens digit of b?
0
Suppose -4*m - 4530 = 3274. Let o = m - -3800. What is the hundreds digit of o?
8
Suppose -3*m - 252 = 3*l, 0*l + 2*m + 432 = -5*l. Let j = -91 - l. What is the tens digit of (j - 21/7)/((-4)/54)?
8
Suppose -4 = -2*o - 0. Suppose -2*b + 8 = o*a, b = -5*a - 3*b + 19. Suppose 6 = 3*u, -2*u = -a*l - 2*l + 206. What is the tens digit of l?
4
Let m(u) = -u**3 + 20*u**2 - 2*u - 14. Let c be m(-16). Suppose 12*n + 1710 - c = 0. What is the hundreds digit of n?
6
Let w = -6342 - -16747. What is the tens digit of w?
0
What is the units digit of (-16)/(-2) - (2 + -994 + -6)?
6
Suppose -8 = 5*o - 2*l, -5*o + 5*l = -2*o + 20. Suppose c + 0*c = -r - 8, 4*r - c + 27 = o. What is the units digit of (5/3)/(r/(-252))?
0
Let l(c) = -288*c - 615. What is the thousands digit of l(-10)?
2
Let u = -157 - 74. Let m = -93 - u. What is the tens digit of m?
3
Suppose -3*d - 52*i + 48*i + 20229 = 0, -3*i = d - 6743. What is the thousands digit of d?
6
Let y = -65 - -66. Let h(l) = -5*l**3 - l**2 - 7*l - 2. Let f(i) = -i**3 + i. Let s(m) = y*h(m) + 2*f(m). What is the units digit of s(-2)?
0
Let r = 174 + -172. Let l(u) = u + 14. Let s be l(-14). Suppose -2*o + 46 = p - 14, -r*o - 6 = s. What is the units digit of p?
6
Let b = -29 + 32. Let q be (-2 + 0)/(1*(-7)/(-14)). What is the tens digit of 217/(b/((-12)/q))?
1
Suppose 2*g - 19 = -5*r + 3*g, -3*r + 17 = -2*g. Let d be 370/(-25) + r/(-15). Let q = 38 + d. What is the units digit of q?
3
Suppose 0 = -3*c - o + 7, 7 - 20 = 3*c + 5*o. Suppose -2*l = -3*t - 51, -63 = -2*l - 5*t + c*t. What is the units digit of (10/l - 4/(-6))*9?
9
Let p = -2378 + 5990. What is the units digit of p?
2
Suppose 28 = -z + 8*z. Let i be 0 - (z - 1) - -200. Suppose 13*l - i = 12*l. What is the units digit of l?
7
What is the units digit of 6806/3*(30 - (31 + -4))?
6
Let r(o) = -o**3 + 22*o**2 - 32*o + 48. Let p be r(22). Let t = 1039 + p. What is the tens digit of t?
8
What is the tens digit of 27927*(-56)/42*(-7)/(70/15)?
5
What is the tens digit of (15953/(-14) + (-12)/3*1)*-2?
8
Suppose -r - 5 = 0, -7*p - 3*r = -6*p - 489. Suppose 4*w + 2*b = 2*w + p, -w + 252 = 4*b. What is the hundreds digit of w?
2
Let y = -865 - -2671. Suppose -y = -46*u + 40*u. What is the units digit of u?
1
Suppose -4*r - u = -91, r - 101 = -4*r + 3*u. Suppose -2*i = -j + 2*i - r, -5*j - 110 = 4*i. Let a = 25 + j. What is the units digit of a?
3
Let d(f) = f**3 + f**2 - 997*f - 13 + 0*f**3 + 982*f + 1 + 8*f**2. Let y = -21 - -11. What is the units digit of d(y)?
8
What is the units digit of 1078140/25 - ((-702)/(-45) - 15)?
5
Suppose -v - 713*o = -709*o - 5288, 4*o - 26504 = -5*v. What is the hundreds digit of v?
3
Suppose 4*g - x - 667 = 386, -3*g + 794 = -5*x. Suppose -26 + g = 3*w. Suppose -17 = -4*a + w. What is the tens digit of a?
2
Let w = 2105 + -1341. Suppose -8*z = -10*z + w. What is the hundreds digit of 4 + 0 - (-1)/2*z?
1
Let f(o) = -o - 6. Let b be f(-9). Suppose -3*u + 15 = -4*j, -2 = j + b*u - 17. Suppose j = -29*h + 31*h - 40. What is the units digit of h?
0
Let w(i) = -i**3 + 14*i**2 - 47*i - 2. Let l be w(6). Suppose 0 = -4*f, 0 = 5*r - 3*f + l*f - 410. What is the tens digit of r?
8
Suppose 5*v + 19 = -2*t, -2*t + 3*v + 30 = 3*t. Suppose 1062 = 3*i + t*h, -2*i + 0*h = -3*h - 718. What is the units digit of i?
6
Let m(q) = q**2 + 16*q + 33. Let j be m(-14). Suppose -j*g = 294 + 211. Let o = g + 249. What is the units digit of o?
8
Let n = 15 + -10. Let p(w) = w**3 + 7*w**2 - 2*w + 7. Let j be p(-7). What is the units digit of (n*6)/(j/56)?
0
Let u be 2*(4 - (-11934)/(-12)). Let o = u + 3506. What is the thousands digit of o?
1
Let c be 327/(-5) - (-48)/120. Let h = c + 65. What is the tens digit of 160/(24/6) - (-2 + h)?
4
Let f = -229 - -229. Suppose j + b = 3*b + 311, f = -5*j - 5*b + 1585. What is the hundreds digit of j?
3
Suppose -5*f + f = h - 25, 4*f + 5 = 5*h. Suppose f*l - 568 - 2372 = 0. What is the units digit of l?
8
Suppose 7*h = 42*h - 91910. Let b = -1178 + h. What is the tens digit of b?
4
Let q(i) = 20*i**2 + 25*i + 232. What is the tens digit of q(-22)?
6
Let o(q) = 8*q**3 - 7*q**2 + 12*q + 3. Let b be o(5). What is the hundreds digit of (b - 4)*7/28?
2
Let z(w) = 2 - 21 + 11*w + 0 - 8*w**2 - w**3. Let g be z(-9). Let i = -12 - g. What is the tens digit of i?
2
Let p(l) = -3633*l**3 + 8*l**2 + 29*l + 51. What is the hundreds digit of p(-2)?
0
Let j be (-1)/((1*(-1)/879)/1). Suppose 0*d + 5*v + 652 = 3*d, 0 = 4*d + 3*v - j. What is the tens digit of d?
1
Let g(b) = -181*b**3 - 4*b**2 - 38*b - 235. What is the hundreds digit of g(-6)?
9
Suppose -4*y + 3*l = 20, 20 - 8 = 2*y + 4*l. Let u be -2 - 2/2 - (-440 - y). Suppose 3*r + 2*r = u. What is the units digit of r?
7
Let z(m) = -m**2 + 3*m + 2. Let j be z(3). Suppose 0*d + j*d = 24. Suppose 0 = -3*a + d*a - 1629. What is the ten